 base 11?
-4
What is -28 (base 13) in base 16?
-22
-1103 (base 6) to base 15
-120
Convert -2112 (base 3) to base 4.
-1010
5 (base 9) to base 4
11
What is -16 (base 9) in base 12?
-13
4 (base 11) to base 14
4
What is -1011000 (base 2) in base 10?
-88
Convert -3 (base 9) to base 7.
-3
What is -4 (base 14) in base 11?
-4
What is -1120 (base 3) in base 2?
-101010
Convert -112 (base 3) to base 13.
-11
Convert -6 (base 11) to base 14.
-6
-9 (base 16) to base 6
-13
Convert -3 (base 14) to base 13.
-3
25 (base 15) to base 9
38
Convert 11 (base 3) to base 8.
4
Convert -1032 (base 4) to base 12.
-66
Convert -3 (base 14) to base 12.
-3
Convert -3 (base 16) to base 2.
-11
4c (base 14) to base 16
44
What is 77 (base 13) in base 2?
1100010
Convert a6 (base 13) to base 2.
10001000
Convert 9 (base 12) to base 15.
9
What is 4 (base 6) in base 7?
4
What is -4 (base 12) in base 10?
-4
Convert 0 (base 11) to base 2.
0
What is 24 (base 8) in base 5?
40
303 (base 8) to base 9
236
What is 18 (base 15) in base 3?
212
-7 (base 13) to base 15
-7
Convert 1211 (base 3) to base 6.
121
541 (base 6) to base 15
da
What is 0 (base 3) in base 16?
0
What is 31 (base 12) in base 3?
1101
What is -12 (base 3) in base 12?
-5
3 (base 11) to base 14
3
What is -18 (base 14) in base 6?
-34
What is -75 (base 8) in base 10?
-61
Convert -15 (base 15) to base 16.
-14
What is 330 (base 5) in base 15?
60
What is -4 (base 14) in base 15?
-4
Convert 1 (base 2) to base 3.
1
-8 (base 10) to base 8
-10
Convert -1 (base 10) to base 3.
-1
Convert 1 (base 6) to base 13.
1
1 (base 14) to base 6
1
-130 (base 13) to base 14
-10c
Convert 71 (base 10) to base 7.
131
-200 (base 3) to base 16
-12
11201 (base 3) to base 2
1111111
-8 (base 13) to base 7
-11
Convert 182 (base 12) to base 7.
464
-2 (base 12) to base 8
-2
-101 (base 5) to base 10
-26
-442 (base 5) to base 12
-a2
Convert 41 (base 16) to base 14.
49
Convert -1 (base 11) to base 13.
-1
What is -210 (base 11) in base 6?
-1101
4 (base 12) to base 9
4
What is 10 (base 3) in base 11?
3
What is -5 (base 8) in base 13?
-5
-6 (base 8) to base 6
-10
What is -4 (base 16) in base 7?
-4
What is 2232 (base 4) in base 2?
10101110
Convert -111 (base 4) to base 7.
-30
1 (base 2) to base 12
1
-444 (base 8) to base 15
-147
36 (base 15) to base 2
110011
Convert 10100 (base 2) to base 10.
20
Convert -3 (base 13) to base 11.
-3
Convert -1 (base 15) to base 5.
-1
What is 71 (base 12) in base 6?
221
What is 326 (base 8) in base 5?
1324
7 (base 14) to base 13
7
2f (base 16) to base 8
57
What is -1110 (base 2) in base 9?
-15
-156 (base 11) to base 2
-10110110
Convert -3 (base 15) to base 3.
-10
-1 (base 16) to base 11
-1
What is 11 (base 6) in base 16?
7
Convert -c (base 15) to base 9.
-13
What is 25 (base 16) in base 15?
27
11 (base 10) to base 16
b
What is 2 (base 9) in base 3?
2
54 (base 10) to base 3
2000
Convert -43 (base 13) to base 9.
-61
Convert 41 (base 12) to base 8.
61
What is -2 (base 10) in base 14?
-2
What is -42 (base 10) in base 5?
-132
-54 (base 6) to base 4
-202
-12 (base 11) to base 10
-13
Convert 1b (base 14) to base 15.
1a
-f (base 16) to base 14
-11
What is -10 (base 6) in base 5?
-11
Convert 82 (base 9) to base 10.
74
What is -11b (base 12) in base 4?
-2213
What is -1012 (base 3) in base 12?
-28
Convert 0 (base 12) to base 11.
0
What is -a8 (base 13) in base 12?
-b6
-2 (base 15) to base 4
-2
-10 (base 11) to base 13
-b
4 (base 9) to base 8
4
Convert -5 (base 10) to base 14.
-5
Convert 0 (base 4) to base 3.
0
What is -2 (base 3) in base 9?
-2
-4 (base 5) to base 4
-10
Convert -285 (base 12) to base 5.
-3024
What is 22021 (base 3) in base 8?
337
What is -123 (base 4) in base 13?
-21
Convert -3 (base 6) to base 10.
-3
Convert -13 (base 9) to base 6.
-20
-10 (base 5) to base 8
-5
7 (base 8) to base 5
12
Convert -13 (base 13) to base 2.
-10000
1 (base 2) to base 13
1
20000 (base 3) to base 10
162
-20 (base 12) to base 2
-11000
Convert -4 (base 12) to base 9.
-4
Convert -22 (base 11) to base 9.
-26
What is 5 (base 16) in base 12?
5
What is -8 (base 11) in base 14?
-8
What is -156 (base 9) in base 4?
-2010
Convert 0 (base 9) to base 3.
0
What is -202 (base 3) in base 11?
-19
-10011110 (base 2) to base 16
-9e
Convert -3 (base 9) to base 15.
-3
Convert 10202 (base 3) to base 12.
85
What is -10110000 (base 2) in base 5?
-1201
What is -6 (base 16) in base 10?
-6
Convert -162 (base 10) to base 14.
-b8
-40 (base 13) to base 2
-110100
What is -320 (base 4) in base 11?
-51
Convert -12 (base 5) to base 3.
-21
30 (base 10) to base 16
1e
Convert -8 (base 15) to base 12.
-8
Convert 11 (base 2) to base 3.
10
Convert -10 (base 6) to base 15.
-6
What is 21 (base 4) in base 5?
14
What is 133 (base 5) in base 11?
3a
-2 (base 11) to base 12
-2
What is -1 (base 15) in base 6?
-1
15 (base 9) to base 7
20
Convert 0 (base 5) to base 2.
0
-8 (base 16) to base 4
-20
-10 (base 8) to base 11
-8
Convert -2 (base 15) to base 11.
-2
Convert -20 (base 6) to base 3.
-110
What is 0 (base 6) in base 3?
0
Convert 1002 (base 3) to base 15.
1e
Convert 212 (base 3) to base 8.
27
What is 225 (base 7) in base 15?
7c
What is 152 (base 11) in base 9?
217
Convert 25 (base 15) to base 12.
2b
Convert -1101 (base 4) to base 5.
-311
What is -2 (base 15) in base 9?
-2
What is 7 (base 12) in base 14?
7
What is 13 (base 13) in base 14?
12
Convert -6 (base 14) to base 7.
-6
Convert 2 (base 5) to base 8.
2
-3 (base 9) to base 6
-3
Convert -32 (base 16) to base 14.
-38
What is 4 (base 14) in base 15?
4
Convert 3 (base 10) to base 8.
3
What is -3 (base 4) in base 13?
-3
100 (base 2) to base 11
4
-8 (base 9) to base 12
-8
Convert 1 (base 13) to base 16.
1
-48 (base 9) to base 4
-230
-31 (base 8) to base 2
-11001
Convert -4 (base 14) to base 16.
-4
-4 (base 13) to base 9
-4
21 (base 14) to base 11
27
-8 (base 11) to base 6
-12
What is 2a (base 16) in base 14?
30
Convert 210 (base 3) to base 2.
10101
What is 36 (base 15) in base 9?
56
11 (base 9) to base 5
20
Convert -6 (base 12) to base 9.
-6
434 (base 5) to base 2
1110111
214 (base 5) to base 3
2012
What is 106 (base 12) in base 3?
12120
Convert -12 (base 5) to base 10.
-7
-2c (base 16) to base 9
-48
25 (base 14) to base 10
33
74 (base 14) to base 12
86
Convert -12a (base 12) to base 14.
-ca
-353 (base 6) to base 4
-2031
What is -a (base 16) in base 6?
-14
What is -41 (base 16) in base 13?
-50
Convert -10 (base 2) to base 4.
-2
10 (base 16) to base 2
10000
Convert 26 (base 11) to base 10.
28
Convert -30 (base 6) to base 10.
-18
Convert -2 (base 8) to base 9.
-2
10 (base 2) to base 15
2
0 (base 8) to base 3
0
Convert -1201 (base 3) to base 5.
-141
Convert 24 (base 10) to base 16.
18
What is -1 (base 13) in base 16?
-1
112 (base 3) to base 13
11
What is -1000 (base 4) in base 5?
-224
What is -3 (base 11) in base 2?
-11
Convert -286 (base 9) to base 2.
-11110000
443 (base 6) to base 11
146
-430 (base 5) to base 11
-a5
Convert 4a (base 15) to base 11.
64
What is 202 (base 3) in base 9?
22
What is -44 (base 5) in base 14?
-1a
What is -42 (base 7) in base 14?
-22
What is -81 (base 13) in base 5?
-410
340 (base 8) to base 4
3200
What is -2 (base 6) in base 15?
-2
Convert -3 (base 7) to base 6.
-3
What is -10111100 (base 2) in base 14?
-d6
Convert 111 (base 4) to base 13.
18
12 (base 4) to base 2
110
Convert 185 (base 10) to base 15.
c5
Convert 1 (base 9) to base 15.
1
Convert 6 (base 7) to base 4.
12
What is 1 (base 11) in base 15?
1
-3 (base 7) to base 6
-3
What is 11 (base 7) in base 15?
8
-12 (base 14) to base 11
-15
-121 (base 4) to base 10
-25
-64 (base 16) to base 5
-400
What is 6 (base 16) in base 7?
6
Convert -58 (base 9) to base 7.
-104
-10101 (base 3) to base 8
-133
Convert 1 (base 15) to base 8.
1
-1 (base 9) to base 13
-1
What is -2 (base 11) in base 6?
-2
What is 2 (base 15) in base 5?
2
Convert 5 (base 6) to base 2.
101
What is -4 (base 8) in base 9?
-4
-4 (base 15) to base 9
-4
What is 223 (base 4) in base 5?
133
100 (base 6) to base 3
1100
What is -516 (base 7) in base 6?
-1110
What is -5b (base 14) in base 13?
-63
30 (base 8) to base 16
18
What is a8 (base 11) in base 16?
76
Convert 76 (base 13) to base 2.
1100001
What is 2 (base 8) in base 16?
2
Convert -10 (base 12) to base 13.
-c
-6 (base 9) to base 8
-6
-35 (base 7) to base 14
-1c
What is 